What are the prime factors of 663069?
3, 11, 71, 283
What are the prime factors of 5912453?
241, 24533
List the prime factors of 222198.
2, 3, 29, 1277
What are the prime factors of 947762?
2, 631, 751
List the prime factors of 592450.
2, 5, 17, 41
What are the prime factors of 53762?
2, 26881
List the prime factors of 38964615.
3, 5, 2597641
List the prime factors of 327217.
11, 151, 197
List the prime factors of 212937.
3, 70979
List the prime factors of 21453.
3, 7151
List the prime factors of 3323078.
2, 11, 151049
List the prime factors of 49192.
2, 11, 13, 43
What are the prime factors of 6593607?
3, 31, 23633
What are the prime factors of 1950183?
3, 72229
List the prime factors of 332663.
107, 3109
List the prime factors of 354230.
2, 5, 35423
What are the prime factors of 189173?
101, 1873
What are the prime factors of 1439455?
5, 23, 12517
List the prime factors of 190574.
2, 95287
List the prime factors of 20776523.
20776523
What are the prime factors of 709661?
193, 3677
List the prime factors of 5121396.
2, 3, 7, 20323
List the prime factors of 72682.
2, 36341
What are the prime factors of 496414?
2, 47, 5281
What are the prime factors of 662559?
3, 37, 47, 127
List the prime factors of 1903640.
2, 5, 47591
What are the prime factors of 7835863?
7, 587, 1907
List the prime factors of 102338.
2, 51169
What are the prime factors of 548471?
7, 11, 17, 419
List the prime factors of 213995.
5, 127, 337
What are the prime factors of 299189?
11, 59, 461
What are the prime factors of 4302950?
2, 5, 41, 2099
List the prime factors of 107475.
3, 5, 1433
List the prime factors of 416965.
5, 89, 937
What are the prime factors of 2121215?
5, 424243
What are the prime factors of 906901?
906901
What are the prime factors of 551688?
2, 3, 127, 181
What are the prime factors of 346230?
2, 3, 5, 3847
What are the prime factors of 590278?
2, 13, 73, 311
List the prime factors of 1183113.
3, 29, 1511
What are the prime factors of 1355261?
1355261
List the prime factors of 2805031.
2805031
What are the prime factors of 4568343?
3, 13, 41, 2857
What are the prime factors of 1670183?
1670183
List the prime factors of 261949.
41, 6389
What are the prime factors of 2631347?
2631347
What are the prime factors of 62868?
2, 3, 13, 31
What are the prime factors of 2026645?
5, 23, 17623
What are the prime factors of 31282495?
5, 47, 133117
What are the prime factors of 19491348?
2, 3, 1624279
List the prime factors of 2201535.
3, 5, 7, 29, 241
List the prime factors of 112149.
3, 17, 733
List the prime factors of 4603705.
5, 920741
What are the prime factors of 6391224?
2, 3, 7, 1409
List the prime factors of 10383790.
2, 5, 179, 5801
List the prime factors of 80546.
2, 17, 23, 103
List the prime factors of 475647.
3, 331, 479
What are the prime factors of 229043?
227, 1009
What are the prime factors of 3117807?
3, 7, 11, 409
List the prime factors of 1184273.
29, 97, 421
List the prime factors of 3170488.
2, 396311
What are the prime factors of 9885172?
2, 11, 29, 61, 127
What are the prime factors of 1142391?
3, 380797
List the prime factors of 518375.
5, 11, 13, 29
List the prime factors of 30030.
2, 3, 5, 7, 11, 13
What are the prime factors of 1671293?
13, 59, 2179
List the prime factors of 5494534.
2, 19, 144593
What are the prime factors of 15566336?
2, 30403
What are the prime factors of 627000?
2, 3, 5, 11, 19
List the prime factors of 336822.
2, 3, 73, 769
What are the prime factors of 3504035?
5, 313, 2239
What are the prime factors of 431301?
3, 13, 11059
List the prime factors of 521056.
2, 19, 857
List the prime factors of 1268907.
3, 422969
List the prime factors of 566217.
3, 67, 313
What are the prime factors of 74885?
5, 17, 881
List the prime factors of 115037.
13, 8849
What are the prime factors of 600163?
71, 79, 107
List the prime factors of 2442930.
2, 3, 5, 7, 11633
What are the prime factors of 6190109?
6190109
What are the prime factors of 1394526?
2, 3, 7, 33203
What are the prime factors of 1197393?
3, 399131
List the prime factors of 367492.
2, 91873
List the prime factors of 10367349.
3, 71, 48673
List the prime factors of 1787340.
2, 3, 5, 29789
What are the prime factors of 397178?
2, 198589
What are the prime factors of 372579?
3, 124193
List the prime factors of 1803679.
1803679
List the prime factors of 7474232.
2, 643, 1453
What are the prime factors of 158706?
2, 3, 2939
List the prime factors of 3980959.
131, 30389
List the prime factors of 39480.
2, 3, 5, 7, 47
What are the prime factors of 586195?
5, 117239
List the prime factors of 2410809.
3, 37, 587
What are the prime factors of 186964?
2, 43, 1087
What are the prime factors of 4189539?
3, 1396513
List the prime factors of 275918.
2, 19, 53, 137
List the prime factors of 13889926.
2, 877, 7919
What are the prime factors of 6781465?
5, 233, 5821
What are the prime factors of 19131894?
2, 3, 353, 3011
List the prime factors of 129508.
2, 32377
List the prime factors of 12489956.
2, 3122489
List the prime factors of 2794610.
2, 5, 7, 13, 37, 83
List the prime factors of 226792.
2, 28349
What are the prime factors of 25234264?
2, 11, 286753
What are the prime factors of 2516749?
227, 11087
What are the prime factors of 461723?
37, 12479
What are the prime factors of 667909?
11, 60719
What are the prime factors of 359491?
11, 2971
What are the prime factors of 258389?
258389
List the prime factors of 231351.
3, 67, 1151
What are the prime factors of 17871243?
3, 13, 101, 349
List the prime factors of 325376.
2, 31, 41
What are the prime factors of 1894105?
5, 378821
List the prime factors of 1114406.
2, 113, 4931
What are the prime factors of 185896?
2, 19, 1223
What are the prime factors of 248005?
5, 193, 257
List the prime factors of 5640651.
3, 17, 12289
What are the prime factors of 87982?
2, 43991
List the prime factors of 55292.
2, 23, 601
List the prime factors of 1353294.
2, 3, 19, 1319
List the prime factors of 760742.
2, 47, 8093
What are the prime factors of 348762?
2, 3, 37, 1571
List the prime factors of 446080.
2, 5, 17, 41
What are the prime factors of 367657?
109, 3373
List the prime factors of 103477.
11, 23, 409
What are the prime factors of 185813?
185813
List the prime factors of 644500.
2, 5, 1289
What are the prime factors of 2344075?
5, 93763
What are the prime factors of 2261221?
17, 133013
List the prime factors of 107758.
2, 7, 43, 179
What are the prime factors of 2751021?
3, 7, 13, 3359
List the prime factors of 601026.
2, 3, 109, 919
What are the prime factors of 391303?
11, 35573
What are the prime factors of 19254284?
2, 7, 61, 11273
List the prime factors of 1026761.
1026761
List the prime factors of 22449594.
2, 3, 3741599
List the prime factors of 190348.
2, 23, 2069
List the prime factors of 9427797.
3, 1047533
What are the prime factors of 8774656?
2, 11, 19, 41
What are the prime factors of 1290371?
1290371
List the prime factors of 150469.
11, 13679
What are the prime factors of 259297?
199, 1303
List the prime factors of 143086.
2, 29, 2467
List the prime factors of 6611508.
2, 3, 43, 4271
List the prime factors of 2249677.
137, 16421
What are the prime factors of 40682?
2, 20341
What are the prime factors of 1230337?
1230337
List the prime factors of 2042665.
5, 408533
What are the prime factors of 2855787?
3, 11, 86539
List the prime factors of 4721328.
2, 3, 3643
List the prime factors of 5997898.
2, 43, 97, 719
List the prime factors of 119507.
127, 941
List the prime factors of 34522122.
2, 3, 29, 199, 997
What are the prime factors of 20568750?
2, 3, 5, 1097
List the prime factors of 9713449.
251, 38699
List the prime factors of 2617967.
11, 237997
List the prime factors of 12649482.
2, 3, 43, 59, 277
List the prime factors of 33335718.
2, 3, 13, 427381
List the prime factors of 2436801.
3, 812267
What are the prime factors of 7680054?
2, 3, 283, 4523
List the prime factors of 1757943.
3, 11, 1973
List the prime factors of 18154196.
2, 19, 53, 4507
List the prime factors of 12140992.
2, 17, 11159
What are the prime factors of 1909271?
7, 13, 20981
List the prime factors of 4397561.
7, 37, 16979
What are the prime factors of 1655687?
11, 150517
List the prime factors of 384545.
5, 7, 10987
List the prime factors of 66984.
2